{"id":17,"date":"2022-04-26T09:25:00","date_gmt":"2022-04-26T09:25:00","guid":{"rendered":"https:\/\/rseap.webs.upv.es\/trabajando\/?page_id=17"},"modified":"2022-04-27T14:33:14","modified_gmt":"2022-04-27T14:33:14","slug":"actividades-2021","status":"publish","type":"page","link":"https:\/\/rseap.webs.upv.es\/rseapv\/actividades-2021\/","title":{"rendered":"Actividades 2021"},"content":{"rendered":"\n<div class=\"wp-block-query is-layout-flow wp-block-query-is-layout-flow\"><ul class=\"wp-block-post-template is-layout-flow wp-block-post-template-is-layout-flow\"><li class=\"wp-block-post post-93 post type-post status-publish format-standard has-post-thumbnail hentry category-actividades category-actividades-2021\">\n<h2 class=\"wp-block-post-title\"><a href=\"https:\/\/rseap.webs.upv.es\/rseapv\/2022\/01\/concessio-duna-subvencio-nominativa-a-la-reial-societat-economica-per-part-de-lajuntament-de-valencia\/\" target=\"_self\" >Concessi\u00f3 d&#8217;una subvenci\u00f3 nominativa a la Reial Societat Econ\u00f2mica per part de l&#8217;Ajuntament de Val\u00e8ncia.<\/a><\/h2>\n\n<figure class=\"alignwide wp-block-post-featured-image\"><a href=\"https:\/\/rseap.webs.upv.es\/rseapv\/2022\/01\/concessio-duna-subvencio-nominativa-a-la-reial-societat-economica-per-part-de-lajuntament-de-valencia\/\" target=\"_self\"  ><img loading=\"lazy\" decoding=\"async\" width=\"348\" height=\"400\" src=\"https:\/\/rseap.webs.upv.es\/rseapv\/wp-content\/uploads\/2022\/04\/ayuntamrny.png\" class=\"attachment-post-thumbnail size-post-thumbnail wp-post-image\" alt=\"Concessi\u00f3 d&#8217;una subvenci\u00f3 nominativa a la Reial Societat Econ\u00f2mica per part de l&#8217;Ajuntament de Val\u00e8ncia.\" style=\"object-fit:cover;\" srcset=\"https:\/\/rseap.webs.upv.es\/rseapv\/wp-content\/uploads\/2022\/04\/ayuntamrny.png 348w, https:\/\/rseap.webs.upv.es\/rseapv\/wp-content\/uploads\/2022\/04\/ayuntamrny-261x300.png 261w\" sizes=\"auto, (max-width: 348px) 100vw, 348px\" \/><\/a><\/figure>\n\n<div class=\"wp-block-post-excerpt\"><p class=\"wp-block-post-excerpt__excerpt\">El Ajuntament de Val\u00e8ncia, resol, aprovar la concessi\u00f3 d&#8217;una subvenci\u00f3 nominativa a la Reial Societat Econ\u00f2mica de Val\u00e8ncia, per un import de 15.000 euros&nbsp; per al manteniment dels fons de l&#8217;associaci\u00f3, any 2021. <\/p><\/div>\n\n\n<hr class=\"wp-block-separator\"\/>\n\n\n<div class=\"wp-block-post-date\"><time datetime=\"2022-01-21T09:52:00+00:00\">enero 21, 2022<\/time><\/div>\n<\/li><li class=\"wp-block-post post-164 post type-post status-publish format-standard has-post-thumbnail hentry category-actividades category-actividades-2021\">\n<h2 class=\"wp-block-post-title\"><a href=\"https:\/\/rseap.webs.upv.es\/rseapv\/2021\/12\/15-de-diciembre-asamblea-general-de-socios\/\" target=\"_self\" >15 de diciembre, Asamblea General de Socios<\/a><\/h2>\n\n<figure class=\"alignwide wp-block-post-featured-image\"><a href=\"https:\/\/rseap.webs.upv.es\/rseapv\/2021\/12\/15-de-diciembre-asamblea-general-de-socios\/\" target=\"_self\"  ><img loading=\"lazy\" decoding=\"async\" width=\"2560\" height=\"1710\" src=\"https:\/\/rseap.webs.upv.es\/rseapv\/wp-content\/uploads\/2022\/04\/AG_01-scaled.jpg\" class=\"attachment-post-thumbnail size-post-thumbnail wp-post-image\" alt=\"15 de diciembre, Asamblea General de Socios\" style=\"object-fit:cover;\" srcset=\"https:\/\/rseap.webs.upv.es\/rseapv\/wp-content\/uploads\/2022\/04\/AG_01-scaled.jpg 2560w, https:\/\/rseap.webs.upv.es\/rseapv\/wp-content\/uploads\/2022\/04\/AG_01-300x200.jpg 300w, https:\/\/rseap.webs.upv.es\/rseapv\/wp-content\/uploads\/2022\/04\/AG_01-1024x684.jpg 1024w, https:\/\/rseap.webs.upv.es\/rseapv\/wp-content\/uploads\/2022\/04\/AG_01-768x513.jpg 768w, https:\/\/rseap.webs.upv.es\/rseapv\/wp-content\/uploads\/2022\/04\/AG_01-1536x1026.jpg 1536w, https:\/\/rseap.webs.upv.es\/rseapv\/wp-content\/uploads\/2022\/04\/AG_01-2048x1368.jpg 2048w\" sizes=\"auto, (max-width: 2560px) 100vw, 2560px\" \/><\/a><\/figure>\n\n<div class=\"wp-block-post-excerpt\"><p class=\"wp-block-post-excerpt__excerpt\">Galer\u00eda Se ha convocado una Asamblea General de Socios para el d\u00eda 15 de diciembre del 2021 a las 18:30\u00a0en primera convocatoria y las 19:00 en segunda. El acto tendr\u00e1 lugar en el Sal\u00f3n de Actos del Conservatorio Profesional de M\u00fasica de Valencia, Edificio Hist\u00f3rico en Plaza de San Esteban 3. <\/p><\/div>\n\n\n<hr class=\"wp-block-separator\"\/>\n\n\n<div class=\"wp-block-post-date\"><time datetime=\"2021-12-15T17:35:00+00:00\">diciembre 15, 2021<\/time><\/div>\n<\/li><li class=\"wp-block-post post-207 post type-post status-publish format-standard has-post-thumbnail hentry category-actividades category-actividades-2021\">\n<h2 class=\"wp-block-post-title\"><a href=\"https:\/\/rseap.webs.upv.es\/rseapv\/2021\/12\/concessio-duna-subvencio-nominativa-a-la-reial-societat-economica-per-part-de-la-diputacio-de-valencia\/\" target=\"_self\" >Concessi\u00f3 d&#8217;una subvenci\u00f3 nominativa a la Reial Societat Econ\u00f2mica per part de la Diputaci\u00f3 de Val\u00e8ncia.<\/a><\/h2>\n\n<figure class=\"alignwide wp-block-post-featured-image\"><a href=\"https:\/\/rseap.webs.upv.es\/rseapv\/2021\/12\/concessio-duna-subvencio-nominativa-a-la-reial-societat-economica-per-part-de-la-diputacio-de-valencia\/\" target=\"_self\"  ><img loading=\"lazy\" decoding=\"async\" width=\"1789\" height=\"907\" src=\"https:\/\/rseap.webs.upv.es\/rseapv\/wp-content\/uploads\/2022\/04\/logo_cultura_fons_blanc.jpg\" class=\"attachment-post-thumbnail size-post-thumbnail wp-post-image\" alt=\"Concessi\u00f3 d&#8217;una subvenci\u00f3 nominativa a la Reial Societat Econ\u00f2mica per part de la Diputaci\u00f3 de Val\u00e8ncia.\" style=\"object-fit:cover;\" srcset=\"https:\/\/rseap.webs.upv.es\/rseapv\/wp-content\/uploads\/2022\/04\/logo_cultura_fons_blanc.jpg 1789w, https:\/\/rseap.webs.upv.es\/rseapv\/wp-content\/uploads\/2022\/04\/logo_cultura_fons_blanc-300x152.jpg 300w, https:\/\/rseap.webs.upv.es\/rseapv\/wp-content\/uploads\/2022\/04\/logo_cultura_fons_blanc-1024x519.jpg 1024w, https:\/\/rseap.webs.upv.es\/rseapv\/wp-content\/uploads\/2022\/04\/logo_cultura_fons_blanc-768x389.jpg 768w, https:\/\/rseap.webs.upv.es\/rseapv\/wp-content\/uploads\/2022\/04\/logo_cultura_fons_blanc-1536x779.jpg 1536w\" sizes=\"auto, (max-width: 1789px) 100vw, 1789px\" \/><\/a><\/figure>\n\n<div class=\"wp-block-post-excerpt\"><p class=\"wp-block-post-excerpt__excerpt\">El decret 7667 de la Diputaci\u00f3 de Val\u00e8ncia, resol, aprovar la concessi\u00f3 d&#8217;una subvenci\u00f3 nominativa a la Reial Societat Econ\u00f2mica de Val\u00e8ncia, per un import de 20.000 euros&nbsp; per al manteniment dels fons de l&#8217;associaci\u00f3, any 2021. <\/p><\/div>\n\n\n<hr class=\"wp-block-separator\"\/>\n\n\n<div class=\"wp-block-post-date\"><time datetime=\"2021-12-14T14:29:00+00:00\">diciembre 14, 2021<\/time><\/div>\n<\/li><\/ul><\/div>\n","protected":false},"excerpt":{"rendered":"","protected":false},"author":1,"featured_media":0,"parent":0,"menu_order":0,"comment_status":"closed","ping_status":"closed","template":"","meta":{"footnotes":""},"class_list":["post-17","page","type-page","status-publish","hentry"],"_links":{"self":[{"href":"https:\/\/rseap.webs.upv.es\/rseapv\/wp-json\/wp\/v2\/pages\/17","targetHints":{"allow":["GET"]}}],"collection":[{"href":"https:\/\/rseap.webs.upv.es\/rseapv\/wp-json\/wp\/v2\/pages"}],"about":[{"href":"https:\/\/rseap.webs.upv.es\/rseapv\/wp-json\/wp\/v2\/types\/page"}],"author":[{"embeddable":true,"href":"https:\/\/rseap.webs.upv.es\/rseapv\/wp-json\/wp\/v2\/users\/1"}],"replies":[{"embeddable":true,"href":"https:\/\/rseap.webs.upv.es\/rseapv\/wp-json\/wp\/v2\/comments?post=17"}],"version-history":[{"count":2,"href":"https:\/\/rseap.webs.upv.es\/rseapv\/wp-json\/wp\/v2\/pages\/17\/revisions"}],"predecessor-version":[{"id":211,"href":"https:\/\/rseap.webs.upv.es\/rseapv\/wp-json\/wp\/v2\/pages\/17\/revisions\/211"}],"wp:attachment":[{"href":"https:\/\/rseap.webs.upv.es\/rseapv\/wp-json\/wp\/v2\/media?parent=17"}],"curies":[{"name":"wp","href":"https:\/\/api.w.org\/{rel}","templated":true}]}}